se 11?
-7125
Convert -14233555 (base 6) to base 9.
-821758
2250434 (base 6) to base 10
115510
What is -18031384 (base 9) in base 14?
-12ba020
Convert 353243 (base 7) to base 16.
f860
What is 1604474 (base 10) in base 3?
10000111220222
11100101001110110011 (base 2) to base 9
1680866
Convert 26bb0 (base 13) to base 11.
4a363
17315911 (base 10) to base 4
1002003201013
What is 1959223 (base 10) in base 9?
3615484
Convert 4404603 (base 7) to base 16.
83b65
What is 543378 (base 15) in base 11?
2299a97
What is 2121203212 (base 4) in base 2?
10011001100011100110
-6312645 (base 8) to base 5
-412123314
Convert 128601 (base 9) to base 4.
103022122
Convert 49828 (base 12) to base 15.
1e805
What is 2587100 (base 10) in base 2?
1001110111100111011100
What is 111100001110110000110 (base 2) in base 5?
1001124023
What is -29b85d (base 16) in base 7?
-32145231
12011211122 (base 3) to base 8
307066
Convert 13032130 (base 5) to base 2.
11111000010111101
Convert 12041432 (base 6) to base 8.
1343674
What is -28840 (base 9) in base 14?
-722a
What is 5651162 (base 8) in base 4?
11311021302
Convert -1343603 (base 9) to base 12.
-2b6970
What is 221155 (base 8) in base 10?
74349
What is 59a2c (base 16) in base 8?
1315054
-3bc7d (base 16) to base 8
-736175
What is -20212202222 (base 3) in base 11?
-9282a
Convert 16c786 (base 14) to base 10.
802738
446040 (base 10) to base 14
b87a0
10100111101010010010010 (base 2) to base 11
3112720
b8a31 (base 15) to base 14
113895
Convert -5a9854 (base 13) to base 11.
-1248329
What is -614a0 (base 11) in base 10?
-89771
-80568 (base 11) to base 7
-1000314
What is -603300 (base 7) in base 12?
-4b056
What is -2014244044 (base 5) in base 7?
-46322336
What is 12427 (base 13) in base 14?
c3a8
-1110001010010101 (base 2) to base 14
-171d3
Convert 1864 (base 13) to base 7.
13405
Convert -1eaa19 (base 15) to base 16.
-16f395
What is -1321222310 (base 4) in base 16?
-79ab4
27e8a (base 16) to base 6
3300442
What is -364b (base 14) in base 7?
-36424
Convert 122414 (base 6) to base 4.
2223022
Convert 303b7 (base 16) to base 7.
1451655
What is -903b (base 16) in base 9?
-55575
Convert 1200202 (base 3) to base 5.
14420
Convert 603630 (base 7) to base 15.
20426
74075 (base 10) to base 11
50721
What is 1033330011 (base 4) in base 11?
204003
What is -25015243 (base 6) in base 12?
-324523
-1001100011011100100 (base 2) to base 16
-4c6e4
What is -302350050 (base 6) in base 15?
-6be733
Convert -58482 (base 10) to base 7.
-332334
Convert -4033aa (base 11) to base 7.
-5341124
What is -3443241100 (base 5) in base 14?
-106ad94
Convert 33671 (base 9) to base 4.
11132110
What is 37477b (base 14) in base 4?
13032212321
What is -1a6325b (base 14) in base 15?
-124a602
-2100503 (base 7) to base 9
-424142
What is 1342425 (base 6) in base 13?
2863a
What is -12012212102 (base 3) in base 7?
-605252
Convert 66d2c6 (base 14) to base 3.
20120111102111
What is -2790009 (base 10) in base 13?
-768bc1
Convert -231141 (base 5) to base 7.
-33121
Convert -132464360 (base 7) to base 8.
-40502703
Convert -61a2 (base 16) to base 6.
-311414
Convert 465112 (base 7) to base 13.
2bc6c
Convert -200 (base 15) to base 10.
-450
Convert -4544374 (base 8) to base 12.
-4b4538
Convert 32ab9c (base 14) to base 7.
20422455
-1000025 (base 6) to base 3
-2101000122
Convert 428a3 (base 12) to base 2.
10101011001111011
-3965d3 (base 14) to base 7
-22542253
What is -2221210111 (base 3) in base 5?
-3330141
-1150556 (base 7) to base 16
-23d3b
What is 465014 (base 7) in base 4?
110112200
Convert 887d50 (base 14) to base 11.
2683999
Convert 9c15b (base 13) to base 3.
112102002212
1031022101 (base 4) to base 15
6399e
Convert 200102022022 (base 3) to base 4.
1120200221
212112211 (base 3) to base 6
211251
What is -1000110010100111 (base 2) in base 10?
-36007
What is 19896 (base 15) in base 6?
1435553
-100000100100111011 (base 2) to base 6
-2505431
What is -412282 (base 11) in base 8?
-2414517
3412311410 (base 5) to base 14
10044d2
11a3aa (base 12) to base 16
462b2
Convert -121331 (base 12) to base 4.
-1013122111
31205 (base 10) to base 16
79e5
What is -1a61345 (base 11) in base 9?
-6471200
-7878142 (base 9) to base 4
-100030032011
What is -10010000011010111 (base 2) in base 10?
-73943
213135322 (base 6) to base 10
3792002
What is 120244402 (base 5) in base 8?
2076303
Convert -1250034 (base 6) to base 4.
-100301212
-82410 (base 11) to base 7
-1010454
What is 4970 (base 11) in base 3?
22220101
1567750 (base 8) to base 14
bb97a
Convert -34a9a50 (base 13) to base 2.
-111110000100110101100001
Convert -1033576 (base 10) to base 14.
-1cc94c
Convert -10010011101011000 (base 2) to base 11.
-51895
-23d21 (base 15) to base 14
-2d947
What is 11012002200102 (base 3) in base 5?
1032214014
Convert -2cdc (base 14) to base 15.
-25a9
20791 (base 16) to base 5
13224014
Convert 3ba607 (base 14) to base 11.
1190244
25ccb3 (base 13) to base 15
130bd9
-13034324 (base 5) to base 10
-127464
5250 (base 16) to base 3
1001220110
What is -742412 (base 9) in base 5?
-103111010
-805a50 (base 11) to base 5
-312440303
What is -6a7361 (base 16) in base 3?
-111010102202110
Convert -227233b (base 12) to base 2.
-11001001111111001011111
-4191a6 (base 15) to base 4
-23321130201
What is -347f6d (base 16) in base 9?
-6423420
-1100000101001011001101 (base 2) to base 12
-1088865
What is -111210100021 (base 3) in base 2?
-1000010010001001110
Convert 35553 (base 8) to base 4.
3231223
Convert b2a44 (base 12) to base 2.
111000111001010100
1031012112 (base 4) to base 7
2453460
What is 116836 (base 9) in base 10?
70665
Convert 150350 (base 6) to base 5.
430034
1122001 (base 3) to base 5
14224
Convert -203402432 (base 5) to base 15.
-1192b2
-1c9aa3 (base 14) to base 9
-1832782
What is 3499692 (base 10) in base 7?
41514120
What is -2132300113 (base 4) in base 14?
-12cd95
Convert -204034 (base 7) to base 10.
-35011
Convert 2310023330 (base 5) to base 10.
5157965
Convert -1881532 (base 10) to base 5.
-440202112
-23103221 (base 4) to base 16
-b4e9
What is 201200330222 (base 4) in base 11?
4a60916
What is 130230303 (base 4) in base 12?
58043
Convert -3288640 (base 10) to base 4.
-30202321000
1111021010 (base 3) to base 9
44233
9e9da7 (base 15) to base 11
4305442
-43f80 (base 16) to base 10
-278400
Convert -551462 (base 8) to base 4.
-231030302
What is -2102023300 (base 4) in base 15?
-bc62d
30631172 (base 9) to base 13
30869ab
-33a151 (base 11) to base 4
-2003332103
-7515 (base 13) to base 8
-37562
Convert -1000100000011011010 (base 2) to base 16.
-440da
What is 57c036 (base 15) in base 4?
33333120321
-4134443 (base 5) to base 14
-1ab7d
What is ac049 (base 13) in base 10?
312035
What is 877a31 (base 12) in base 16?
20cc05
Convert 101024020 (base 5) to base 16.
639ca
What is -1010002 (base 3) in base 2?
-1100101100
What is -ab6ee3 (base 15) in base 6?
-451111410
-1320101233 (base 4) to base 2
-1111000010001101111
60002 (base 15) to base 8
1121210
Convert 27851706 (base 9) to base 8.
64472414
What is -100100101100011001110 (base 2) in base 14?
-234286
What is -188742 (base 9) in base 11?
-806aa
Convert 1a518 (base 13) to base 8.
144305
What is 1021233332 (base 4) in base 11?
196a57
Convert 4230100 (base 5) to base 3.
10120220200
-56aca (base 15) to base 4
-1003111213
110111111010000111 (base 2) to base 3
102122010110
62250061 (base 7) to base 5
2314102333
Convert -24323010 (base 5) to base 13.
-80766
What is -139b980 (base 13) in base 10?
-6223529
Convert -4302176 (base 9) to base 11.
-1334468
1012120002 (base 4) to base 10
288258
Convert -8483071 (base 11) to base 16.
-e3ef23
-3214551 (base 7) to base 16
-5f5d7
Convert -61514 (base 9) to base 3.
-2001120111
-549d37 (base 15) to base 2
-1111011000100011010111
239a77 (base 13) to base 9
1534665
What is 91399 (base 11) in base 3?
20210020002
-1a5747 (base 13) to base 4
-2203113022
Convert 11020111220 (base 3) to base 10.
83481
-85611 (base 11) to base 13
-448a7
What is -63017 (base 9) in base 16?
-a261
-266eb (base 15) to base 2
-11110000010111111
What is -15542c7 (base 14) in base 16?
-9f0807
What is -11101001111101110010 (base 2) in base 5?
-221131242
Convert -1e894 (base 15) to base 10.
-99814
Convert -343f93 (base 16) to base 3.
-20102222001021
Convert -61431 (base 10) to base 14.
-1855d
Convert 1010101010010